{"id":1537,"date":"2021-11-29T15:27:00","date_gmt":"2021-11-29T14:27:00","guid":{"rendered":"https:\/\/alicia.cat\/publicacions\/es-temps-debroquil-fruites-i-verdures-del-nostre-territori\/"},"modified":"2024-03-22T10:32:25","modified_gmt":"2024-03-22T09:32:25","slug":"es-temps-debroquil-fruites-i-verdures-del-nostre-territori","status":"publish","type":"publicacions","link":"https:\/\/alicia.cat\/en\/alicia-publicacions\/es-temps-debroquil-fruites-i-verdures-del-nostre-territori\/","title":{"rendered":"IT&#8217;S BROCCOLI TIME"},"content":{"rendered":"\n<p>&#8220;It&#8217;s time to&#8230;&#8221; is a collection of monographs with information and resources in the form of interactive infographics and videos about different fruits and vegetables from Catalonia territory to promote knowledge and seasonal consumption. Carried out on the occasion of the International Year of Fruits and Vegetables (2021), commissioned by the Generalitat of Catalunya that has promoted different actions to promote them.<\/p>\n","protected":false},"featured_media":1535,"template":"","categories_de_publicacions":[280],"etiquetes_de_publicacions":[332,803,634,725,766],"class_list":["post-1537","publicacions","type-publicacions","status-publish","has-post-thumbnail","hentry","categories_de_publicacions-food-heritage","etiquetes_de_publicacions-brocolli","etiquetes_de_publicacions-fruits","etiquetes_de_publicacions-heritage","etiquetes_de_publicacions-season","etiquetes_de_publicacions-vegetables-en-2"],"yoast_head":"<!-- This site is optimized with the Yoast SEO plugin v26.9 - https:\/\/yoast.com\/product\/yoast-seo-wordpress\/ -->\n<title>IT&#039;S BROCCOLI TIME - Fundaci\u00f3 Al\u00edcia<\/title>\n<meta name=\"robots\" content=\"index, follow, max-snippet:-1, max-image-preview:large, max-video-preview:-1\" \/>\n<link rel=\"canonical\" href=\"https:\/\/alicia.cat\/en\/alicia-publicacions\/es-temps-debroquil-fruites-i-verdures-del-nostre-territori\/\" \/>\n<meta property=\"og:locale\" content=\"en_US\" \/>\n<meta property=\"og:type\" content=\"article\" \/>\n<meta property=\"og:title\" content=\"IT&#039;S BROCCOLI TIME - Fundaci\u00f3 Al\u00edcia\" \/>\n<meta property=\"og:description\" content=\"&#8220;It&#8217;s time to&#8230;&#8221; is a collection of monographs with information and resources in the form of interactive infographics and videos about different fruits and vegetables from Catalonia territory to promote knowledge and seasonal consumption. Carried out on the occasion of the International Year of Fruits and Vegetables (2021), commissioned by the Generalitat of Catalunya that [&hellip;]\" \/>\n<meta property=\"og:url\" content=\"https:\/\/alicia.cat\/en\/alicia-publicacions\/es-temps-debroquil-fruites-i-verdures-del-nostre-territori\/\" \/>\n<meta property=\"og:site_name\" content=\"Fundaci\u00f3 Al\u00edcia\" \/>\n<meta property=\"article:publisher\" content=\"https:\/\/www.facebook.com\/FUNDACIOALICIA\" \/>\n<meta property=\"article:modified_time\" content=\"2024-03-22T09:32:25+00:00\" \/>\n<meta property=\"og:image\" content=\"https:\/\/alicia.cat\/wp-content\/uploads\/2023\/04\/Broquil.jpeg\" \/>\n\t<meta property=\"og:image:width\" content=\"800\" \/>\n\t<meta property=\"og:image:height\" content=\"591\" \/>\n\t<meta property=\"og:image:type\" content=\"image\/jpeg\" \/>\n<meta name=\"twitter:card\" content=\"summary_large_image\" \/>\n<meta name=\"twitter:site\" content=\"@FundacioAlicia\" \/>\n<meta name=\"twitter:label1\" content=\"Est. reading time\" \/>\n\t<meta name=\"twitter:data1\" content=\"1 minute\" \/>\n<script type=\"application\/ld+json\" class=\"yoast-schema-graph\">{\"@context\":\"https:\/\/schema.org\",\"@graph\":[{\"@type\":\"WebPage\",\"@id\":\"https:\/\/alicia.cat\/en\/alicia-publicacions\/es-temps-debroquil-fruites-i-verdures-del-nostre-territori\/\",\"url\":\"https:\/\/alicia.cat\/en\/alicia-publicacions\/es-temps-debroquil-fruites-i-verdures-del-nostre-territori\/\",\"name\":\"IT'S BROCCOLI TIME - Fundaci\u00f3 Al\u00edcia\",\"isPartOf\":{\"@id\":\"https:\/\/alicia.cat\/en\/#website\"},\"primaryImageOfPage\":{\"@id\":\"https:\/\/alicia.cat\/en\/alicia-publicacions\/es-temps-debroquil-fruites-i-verdures-del-nostre-territori\/#primaryimage\"},\"image\":{\"@id\":\"https:\/\/alicia.cat\/en\/alicia-publicacions\/es-temps-debroquil-fruites-i-verdures-del-nostre-territori\/#primaryimage\"},\"thumbnailUrl\":\"https:\/\/alicia.cat\/wp-content\/uploads\/2023\/04\/Broquil.jpeg\",\"datePublished\":\"2021-11-29T14:27:00+00:00\",\"dateModified\":\"2024-03-22T09:32:25+00:00\",\"breadcrumb\":{\"@id\":\"https:\/\/alicia.cat\/en\/alicia-publicacions\/es-temps-debroquil-fruites-i-verdures-del-nostre-territori\/#breadcrumb\"},\"inLanguage\":\"en-US\",\"potentialAction\":[{\"@type\":\"ReadAction\",\"target\":[\"https:\/\/alicia.cat\/en\/alicia-publicacions\/es-temps-debroquil-fruites-i-verdures-del-nostre-territori\/\"]}]},{\"@type\":\"ImageObject\",\"inLanguage\":\"en-US\",\"@id\":\"https:\/\/alicia.cat\/en\/alicia-publicacions\/es-temps-debroquil-fruites-i-verdures-del-nostre-territori\/#primaryimage\",\"url\":\"https:\/\/alicia.cat\/wp-content\/uploads\/2023\/04\/Broquil.jpeg\",\"contentUrl\":\"https:\/\/alicia.cat\/wp-content\/uploads\/2023\/04\/Broquil.jpeg\",\"width\":800,\"height\":591},{\"@type\":\"BreadcrumbList\",\"@id\":\"https:\/\/alicia.cat\/en\/alicia-publicacions\/es-temps-debroquil-fruites-i-verdures-del-nostre-territori\/#breadcrumb\",\"itemListElement\":[{\"@type\":\"ListItem\",\"position\":1,\"name\":\"Inici\",\"item\":\"https:\/\/alicia.cat\/en\/\"},{\"@type\":\"ListItem\",\"position\":2,\"name\":\"Publicacions\",\"item\":\"https:\/\/alicia.cat\/en\/alicia-publicacions\/\"},{\"@type\":\"ListItem\",\"position\":3,\"name\":\"IT&#8217;S BROCCOLI TIME\"}]},{\"@type\":\"WebSite\",\"@id\":\"https:\/\/alicia.cat\/en\/#website\",\"url\":\"https:\/\/alicia.cat\/en\/\",\"name\":\"Fundaci\u00f3 Al\u00edcia\",\"description\":\"\",\"publisher\":{\"@id\":\"https:\/\/alicia.cat\/en\/#organization\"},\"potentialAction\":[{\"@type\":\"SearchAction\",\"target\":{\"@type\":\"EntryPoint\",\"urlTemplate\":\"https:\/\/alicia.cat\/en\/?s={search_term_string}\"},\"query-input\":{\"@type\":\"PropertyValueSpecification\",\"valueRequired\":true,\"valueName\":\"search_term_string\"}}],\"inLanguage\":\"en-US\"},{\"@type\":\"Organization\",\"@id\":\"https:\/\/alicia.cat\/en\/#organization\",\"name\":\"Fundaci\u00f3 Al\u00edcia\",\"alternateName\":\"Al\u00edcia\",\"url\":\"https:\/\/alicia.cat\/en\/\",\"logo\":{\"@type\":\"ImageObject\",\"inLanguage\":\"en-US\",\"@id\":\"https:\/\/alicia.cat\/en\/#\/schema\/logo\/image\/\",\"url\":\"https:\/\/alicia.cat\/wp-content\/uploads\/2023\/02\/logo_alicia.svg\",\"contentUrl\":\"https:\/\/alicia.cat\/wp-content\/uploads\/2023\/02\/logo_alicia.svg\",\"width\":240,\"height\":50,\"caption\":\"Fundaci\u00f3 Al\u00edcia\"},\"image\":{\"@id\":\"https:\/\/alicia.cat\/en\/#\/schema\/logo\/image\/\"},\"sameAs\":[\"https:\/\/www.facebook.com\/FUNDACIOALICIA\",\"https:\/\/x.com\/FundacioAlicia\",\"https:\/\/www.instagram.com\/fundacioalicia\/\",\"https:\/\/www.linkedin.com\/company\/fundacionalicia\/\",\"https:\/\/www.youtube.com\/FundacioAlicia\"]}]}<\/script>\n<!-- \/ Yoast SEO plugin. -->","yoast_head_json":{"title":"IT'S BROCCOLI TIME - Fundaci\u00f3 Al\u00edcia","robots":{"index":"index","follow":"follow","max-snippet":"max-snippet:-1","max-image-preview":"max-image-preview:large","max-video-preview":"max-video-preview:-1"},"canonical":"https:\/\/alicia.cat\/en\/alicia-publicacions\/es-temps-debroquil-fruites-i-verdures-del-nostre-territori\/","og_locale":"en_US","og_type":"article","og_title":"IT'S BROCCOLI TIME - Fundaci\u00f3 Al\u00edcia","og_description":"&#8220;It&#8217;s time to&#8230;&#8221; is a collection of monographs with information and resources in the form of interactive infographics and videos about different fruits and vegetables from Catalonia territory to promote knowledge and seasonal consumption. Carried out on the occasion of the International Year of Fruits and Vegetables (2021), commissioned by the Generalitat of Catalunya that [&hellip;]","og_url":"https:\/\/alicia.cat\/en\/alicia-publicacions\/es-temps-debroquil-fruites-i-verdures-del-nostre-territori\/","og_site_name":"Fundaci\u00f3 Al\u00edcia","article_publisher":"https:\/\/www.facebook.com\/FUNDACIOALICIA","article_modified_time":"2024-03-22T09:32:25+00:00","og_image":[{"width":800,"height":591,"url":"https:\/\/alicia.cat\/wp-content\/uploads\/2023\/04\/Broquil.jpeg","type":"image\/jpeg"}],"twitter_card":"summary_large_image","twitter_site":"@FundacioAlicia","twitter_misc":{"Est. reading time":"1 minute"},"schema":{"@context":"https:\/\/schema.org","@graph":[{"@type":"WebPage","@id":"https:\/\/alicia.cat\/en\/alicia-publicacions\/es-temps-debroquil-fruites-i-verdures-del-nostre-territori\/","url":"https:\/\/alicia.cat\/en\/alicia-publicacions\/es-temps-debroquil-fruites-i-verdures-del-nostre-territori\/","name":"IT'S BROCCOLI TIME - Fundaci\u00f3 Al\u00edcia","isPartOf":{"@id":"https:\/\/alicia.cat\/en\/#website"},"primaryImageOfPage":{"@id":"https:\/\/alicia.cat\/en\/alicia-publicacions\/es-temps-debroquil-fruites-i-verdures-del-nostre-territori\/#primaryimage"},"image":{"@id":"https:\/\/alicia.cat\/en\/alicia-publicacions\/es-temps-debroquil-fruites-i-verdures-del-nostre-territori\/#primaryimage"},"thumbnailUrl":"https:\/\/alicia.cat\/wp-content\/uploads\/2023\/04\/Broquil.jpeg","datePublished":"2021-11-29T14:27:00+00:00","dateModified":"2024-03-22T09:32:25+00:00","breadcrumb":{"@id":"https:\/\/alicia.cat\/en\/alicia-publicacions\/es-temps-debroquil-fruites-i-verdures-del-nostre-territori\/#breadcrumb"},"inLanguage":"en-US","potentialAction":[{"@type":"ReadAction","target":["https:\/\/alicia.cat\/en\/alicia-publicacions\/es-temps-debroquil-fruites-i-verdures-del-nostre-territori\/"]}]},{"@type":"ImageObject","inLanguage":"en-US","@id":"https:\/\/alicia.cat\/en\/alicia-publicacions\/es-temps-debroquil-fruites-i-verdures-del-nostre-territori\/#primaryimage","url":"https:\/\/alicia.cat\/wp-content\/uploads\/2023\/04\/Broquil.jpeg","contentUrl":"https:\/\/alicia.cat\/wp-content\/uploads\/2023\/04\/Broquil.jpeg","width":800,"height":591},{"@type":"BreadcrumbList","@id":"https:\/\/alicia.cat\/en\/alicia-publicacions\/es-temps-debroquil-fruites-i-verdures-del-nostre-territori\/#breadcrumb","itemListElement":[{"@type":"ListItem","position":1,"name":"Inici","item":"https:\/\/alicia.cat\/en\/"},{"@type":"ListItem","position":2,"name":"Publicacions","item":"https:\/\/alicia.cat\/en\/alicia-publicacions\/"},{"@type":"ListItem","position":3,"name":"IT&#8217;S BROCCOLI TIME"}]},{"@type":"WebSite","@id":"https:\/\/alicia.cat\/en\/#website","url":"https:\/\/alicia.cat\/en\/","name":"Fundaci\u00f3 Al\u00edcia","description":"","publisher":{"@id":"https:\/\/alicia.cat\/en\/#organization"},"potentialAction":[{"@type":"SearchAction","target":{"@type":"EntryPoint","urlTemplate":"https:\/\/alicia.cat\/en\/?s={search_term_string}"},"query-input":{"@type":"PropertyValueSpecification","valueRequired":true,"valueName":"search_term_string"}}],"inLanguage":"en-US"},{"@type":"Organization","@id":"https:\/\/alicia.cat\/en\/#organization","name":"Fundaci\u00f3 Al\u00edcia","alternateName":"Al\u00edcia","url":"https:\/\/alicia.cat\/en\/","logo":{"@type":"ImageObject","inLanguage":"en-US","@id":"https:\/\/alicia.cat\/en\/#\/schema\/logo\/image\/","url":"https:\/\/alicia.cat\/wp-content\/uploads\/2023\/02\/logo_alicia.svg","contentUrl":"https:\/\/alicia.cat\/wp-content\/uploads\/2023\/02\/logo_alicia.svg","width":240,"height":50,"caption":"Fundaci\u00f3 Al\u00edcia"},"image":{"@id":"https:\/\/alicia.cat\/en\/#\/schema\/logo\/image\/"},"sameAs":["https:\/\/www.facebook.com\/FUNDACIOALICIA","https:\/\/x.com\/FundacioAlicia","https:\/\/www.instagram.com\/fundacioalicia\/","https:\/\/www.linkedin.com\/company\/fundacionalicia\/","https:\/\/www.youtube.com\/FundacioAlicia"]}]}},"_links":{"self":[{"href":"https:\/\/alicia.cat\/en\/wp-json\/wp\/v2\/publicacions\/1537","targetHints":{"allow":["GET"]}}],"collection":[{"href":"https:\/\/alicia.cat\/en\/wp-json\/wp\/v2\/publicacions"}],"about":[{"href":"https:\/\/alicia.cat\/en\/wp-json\/wp\/v2\/types\/publicacions"}],"wp:featuredmedia":[{"embeddable":true,"href":"https:\/\/alicia.cat\/en\/wp-json\/wp\/v2\/media\/1535"}],"wp:attachment":[{"href":"https:\/\/alicia.cat\/en\/wp-json\/wp\/v2\/media?parent=1537"}],"wp:term":[{"taxonomy":"categories_de_publicacions","embeddable":true,"href":"https:\/\/alicia.cat\/en\/wp-json\/wp\/v2\/categories_de_publicacions?post=1537"},{"taxonomy":"etiquetes_de_publicacions","embeddable":true,"href":"https:\/\/alicia.cat\/en\/wp-json\/wp\/v2\/etiquetes_de_publicacions?post=1537"}],"curies":[{"name":"wp","href":"https:\/\/api.w.org\/{rel}","templated":true}]}}

<!-- This site is optimized with the Yoast SEO plugin v26.9 - https://yoast.com/product/yoast-seo-wordpress/ -->
<title>IT&#039;S BROCCOLI TIME - Fundació Alícia</title>
<meta name="robots" content="index, follow, max-snippet:-1, max-image-preview:large, max-video-preview:-1" />
<link rel="canonical" href="https://alicia.cat/en/alicia-publicacions/es-temps-debroquil-fruites-i-verdures-del-nostre-territori/" />
<meta property="og:locale" content="en_US" />
<meta property="og:type" content="article" />
<meta property="og:title" content="IT&#039;S BROCCOLI TIME - Fundació Alícia" />
<meta property="og:description" content="&#8220;It&#8217;s time to&#8230;&#8221; is a collection of monographs with information and resources in the form of interactive infographics and videos about different fruits and vegetables from Catalonia territory to promote knowledge and seasonal consumption. Carried out on the occasion of the International Year of Fruits and Vegetables (2021), commissioned by the Generalitat of Catalunya that [&hellip;]" />
<meta property="og:url" content="https://alicia.cat/en/alicia-publicacions/es-temps-debroquil-fruites-i-verdures-del-nostre-territori/" />
<meta property="og:site_name" content="Fundació Alícia" />
<meta property="article:publisher" content="https://www.facebook.com/FUNDACIOALICIA" />
<meta property="article:modified_time" content="2024-03-22T09:32:25+00:00" />
<meta property="og:image" content="https://alicia.cat/wp-content/uploads/2023/04/Broquil.jpeg" />
	<meta property="og:image:width" content="800" />
	<meta property="og:image:height" content="591" />
	<meta property="og:image:type" content="image/jpeg" />
<meta name="twitter:card" content="summary_large_image" />
<meta name="twitter:site" content="@FundacioAlicia" />
<meta name="twitter:label1" content="Est. reading time" />
	<meta name="twitter:data1" content="1 minute" />
<script type="application/ld+json" class="yoast-schema-graph">{"@context":"https://schema.org","@graph":[{"@type":"WebPage","@id":"https://alicia.cat/en/alicia-publicacions/es-temps-debroquil-fruites-i-verdures-del-nostre-territori/","url":"https://alicia.cat/en/alicia-publicacions/es-temps-debroquil-fruites-i-verdures-del-nostre-territori/","name":"IT'S BROCCOLI TIME - Fundació Alícia","isPartOf":{"@id":"https://alicia.cat/en/#website"},"primaryImageOfPage":{"@id":"https://alicia.cat/en/alicia-publicacions/es-temps-debroquil-fruites-i-verdures-del-nostre-territori/#primaryimage"},"image":{"@id":"https://alicia.cat/en/alicia-publicacions/es-temps-debroquil-fruites-i-verdures-del-nostre-territori/#primaryimage"},"thumbnailUrl":"https://alicia.cat/wp-content/uploads/2023/04/Broquil.jpeg","datePublished":"2021-11-29T14:27:00+00:00","dateModified":"2024-03-22T09:32:25+00:00","breadcrumb":{"@id":"https://alicia.cat/en/alicia-publicacions/es-temps-debroquil-fruites-i-verdures-del-nostre-territori/#breadcrumb"},"inLanguage":"en-US","potentialAction":[{"@type":"ReadAction","target":["https://alicia.cat/en/alicia-publicacions/es-temps-debroquil-fruites-i-verdures-del-nostre-territori/"]}]},{"@type":"ImageObject","inLanguage":"en-US","@id":"https://alicia.cat/en/alicia-publicacions/es-temps-debroquil-fruites-i-verdures-del-nostre-territori/#primaryimage","url":"https://alicia.cat/wp-content/uploads/2023/04/Broquil.jpeg","contentUrl":"https://alicia.cat/wp-content/uploads/2023/04/Broquil.jpeg","width":800,"height":591},{"@type":"BreadcrumbList","@id":"https://alicia.cat/en/alicia-publicacions/es-temps-debroquil-fruites-i-verdures-del-nostre-territori/#breadcrumb","itemListElement":[{"@type":"ListItem","position":1,"name":"Inici","item":"https://alicia.cat/en/"},{"@type":"ListItem","position":2,"name":"Publicacions","item":"https://alicia.cat/en/alicia-publicacions/"},{"@type":"ListItem","position":3,"name":"IT&#8217;S BROCCOLI TIME"}]},{"@type":"WebSite","@id":"https://alicia.cat/en/#website","url":"https://alicia.cat/en/","name":"Fundació Alícia","description":"","publisher":{"@id":"https://alicia.cat/en/#organization"},"potentialAction":[{"@type":"SearchAction","target":{"@type":"EntryPoint","urlTemplate":"https://alicia.cat/en/?s={search_term_string}"},"query-input":{"@type":"PropertyValueSpecification","valueRequired":true,"valueName":"search_term_string"}}],"inLanguage":"en-US"},{"@type":"Organization","@id":"https://alicia.cat/en/#organization","name":"Fundació Alícia","alternateName":"Alícia","url":"https://alicia.cat/en/","logo":{"@type":"ImageObject","inLanguage":"en-US","@id":"https://alicia.cat/en/#/schema/logo/image/","url":"https://alicia.cat/wp-content/uploads/2023/02/logo_alicia.svg","contentUrl":"https://alicia.cat/wp-content/uploads/2023/02/logo_alicia.svg","width":240,"height":50,"caption":"Fundació Alícia"},"image":{"@id":"https://alicia.cat/en/#/schema/logo/image/"},"sameAs":["https://www.facebook.com/FUNDACIOALICIA","https://x.com/FundacioAlicia","https://www.instagram.com/fundacioalicia/","https://www.linkedin.com/company/fundacionalicia/","https://www.youtube.com/FundacioAlicia"]}]}</script>
<!-- / Yoast SEO plugin. -->

IT'S BROCCOLI TIME - Fundació Alícia

Fundació Alícia

Alícia
