{"id":1564,"date":"2022-02-18T15:36:00","date_gmt":"2022-02-18T14:36:00","guid":{"rendered":"https:\/\/alicia.cat\/publicacions\/coleccio-es-temps-de\/"},"modified":"2024-03-22T10:25:37","modified_gmt":"2024-03-22T09:25:37","slug":"coleccio-es-temps-de","status":"publish","type":"publicacions","link":"https:\/\/alicia.cat\/en\/alicia-publicacions\/coleccio-es-temps-de\/","title":{"rendered":"COLLECTION &#8216;IT&#8217;S TIME TO\u2026&#8221;"},"content":{"rendered":"\n<p>A collection of monographs with information and resources in the form of interactive infographics and videos about different fruits and vegetables from Catalonia territory to promote knowledge and seasonal consumption, carried out on the occasion of the International Year of Fruits and Vegetables (2021), commissioned by the Generalitat of Catalunya that has promoted different actions to promote them.<\/p>\n","protected":false},"featured_media":1562,"template":"","categories_de_publicacions":[280],"etiquetes_de_publicacions":[354,803,695,634,725,766],"class_list":["post-1564","publicacions","type-publicacions","status-publish","has-post-thumbnail","hentry","categories_de_publicacions-food-heritage","etiquetes_de_publicacions-cataluna","etiquetes_de_publicacions-fruits","etiquetes_de_publicacions-health","etiquetes_de_publicacions-heritage","etiquetes_de_publicacions-season","etiquetes_de_publicacions-vegetables-en-2"],"yoast_head":"<!-- This site is optimized with the Yoast SEO plugin v26.9 - https:\/\/yoast.com\/product\/yoast-seo-wordpress\/ -->\n<title>COLLECTION &#039;IT&#039;S TIME TO\u2026&quot; - Fundaci\u00f3 Al\u00edcia<\/title>\n<meta name=\"robots\" content=\"index, follow, max-snippet:-1, max-image-preview:large, max-video-preview:-1\" \/>\n<link rel=\"canonical\" href=\"https:\/\/alicia.cat\/en\/alicia-publicacions\/coleccio-es-temps-de\/\" \/>\n<meta property=\"og:locale\" content=\"en_US\" \/>\n<meta property=\"og:type\" content=\"article\" \/>\n<meta property=\"og:title\" content=\"COLLECTION &#039;IT&#039;S TIME TO\u2026&quot; - Fundaci\u00f3 Al\u00edcia\" \/>\n<meta property=\"og:description\" content=\"A collection of monographs with information and resources in the form of interactive infographics and videos about different fruits and vegetables from Catalonia territory to promote knowledge and seasonal consumption, carried out on the occasion of the International Year of Fruits and Vegetables (2021), commissioned by the Generalitat of Catalunya that has promoted different actions [&hellip;]\" \/>\n<meta property=\"og:url\" content=\"https:\/\/alicia.cat\/en\/alicia-publicacions\/coleccio-es-temps-de\/\" \/>\n<meta property=\"og:site_name\" content=\"Fundaci\u00f3 Al\u00edcia\" \/>\n<meta property=\"article:publisher\" content=\"https:\/\/www.facebook.com\/FUNDACIOALICIA\" \/>\n<meta property=\"article:modified_time\" content=\"2024-03-22T09:25:37+00:00\" \/>\n<meta property=\"og:image\" content=\"https:\/\/alicia.cat\/wp-content\/uploads\/2023\/04\/ESTEMPS.jpeg\" \/>\n\t<meta property=\"og:image:width\" content=\"800\" \/>\n\t<meta property=\"og:image:height\" content=\"423\" \/>\n\t<meta property=\"og:image:type\" content=\"image\/jpeg\" \/>\n<meta name=\"twitter:card\" content=\"summary_large_image\" \/>\n<meta name=\"twitter:site\" content=\"@FundacioAlicia\" \/>\n<meta name=\"twitter:label1\" content=\"Est. reading time\" \/>\n\t<meta name=\"twitter:data1\" content=\"1 minute\" \/>\n<script type=\"application\/ld+json\" class=\"yoast-schema-graph\">{\"@context\":\"https:\/\/schema.org\",\"@graph\":[{\"@type\":\"WebPage\",\"@id\":\"https:\/\/alicia.cat\/en\/alicia-publicacions\/coleccio-es-temps-de\/\",\"url\":\"https:\/\/alicia.cat\/en\/alicia-publicacions\/coleccio-es-temps-de\/\",\"name\":\"COLLECTION 'IT'S TIME TO\u2026\\\" - Fundaci\u00f3 Al\u00edcia\",\"isPartOf\":{\"@id\":\"https:\/\/alicia.cat\/en\/#website\"},\"primaryImageOfPage\":{\"@id\":\"https:\/\/alicia.cat\/en\/alicia-publicacions\/coleccio-es-temps-de\/#primaryimage\"},\"image\":{\"@id\":\"https:\/\/alicia.cat\/en\/alicia-publicacions\/coleccio-es-temps-de\/#primaryimage\"},\"thumbnailUrl\":\"https:\/\/alicia.cat\/wp-content\/uploads\/2023\/04\/ESTEMPS.jpeg\",\"datePublished\":\"2022-02-18T14:36:00+00:00\",\"dateModified\":\"2024-03-22T09:25:37+00:00\",\"breadcrumb\":{\"@id\":\"https:\/\/alicia.cat\/en\/alicia-publicacions\/coleccio-es-temps-de\/#breadcrumb\"},\"inLanguage\":\"en-US\",\"potentialAction\":[{\"@type\":\"ReadAction\",\"target\":[\"https:\/\/alicia.cat\/en\/alicia-publicacions\/coleccio-es-temps-de\/\"]}]},{\"@type\":\"ImageObject\",\"inLanguage\":\"en-US\",\"@id\":\"https:\/\/alicia.cat\/en\/alicia-publicacions\/coleccio-es-temps-de\/#primaryimage\",\"url\":\"https:\/\/alicia.cat\/wp-content\/uploads\/2023\/04\/ESTEMPS.jpeg\",\"contentUrl\":\"https:\/\/alicia.cat\/wp-content\/uploads\/2023\/04\/ESTEMPS.jpeg\",\"width\":800,\"height\":423},{\"@type\":\"BreadcrumbList\",\"@id\":\"https:\/\/alicia.cat\/en\/alicia-publicacions\/coleccio-es-temps-de\/#breadcrumb\",\"itemListElement\":[{\"@type\":\"ListItem\",\"position\":1,\"name\":\"Inici\",\"item\":\"https:\/\/alicia.cat\/en\/\"},{\"@type\":\"ListItem\",\"position\":2,\"name\":\"Publicacions\",\"item\":\"https:\/\/alicia.cat\/en\/alicia-publicacions\/\"},{\"@type\":\"ListItem\",\"position\":3,\"name\":\"COLLECTION &#8216;IT&#8217;S TIME TO\u2026&#8221;\"}]},{\"@type\":\"WebSite\",\"@id\":\"https:\/\/alicia.cat\/en\/#website\",\"url\":\"https:\/\/alicia.cat\/en\/\",\"name\":\"Fundaci\u00f3 Al\u00edcia\",\"description\":\"\",\"publisher\":{\"@id\":\"https:\/\/alicia.cat\/en\/#organization\"},\"potentialAction\":[{\"@type\":\"SearchAction\",\"target\":{\"@type\":\"EntryPoint\",\"urlTemplate\":\"https:\/\/alicia.cat\/en\/?s={search_term_string}\"},\"query-input\":{\"@type\":\"PropertyValueSpecification\",\"valueRequired\":true,\"valueName\":\"search_term_string\"}}],\"inLanguage\":\"en-US\"},{\"@type\":\"Organization\",\"@id\":\"https:\/\/alicia.cat\/en\/#organization\",\"name\":\"Fundaci\u00f3 Al\u00edcia\",\"alternateName\":\"Al\u00edcia\",\"url\":\"https:\/\/alicia.cat\/en\/\",\"logo\":{\"@type\":\"ImageObject\",\"inLanguage\":\"en-US\",\"@id\":\"https:\/\/alicia.cat\/en\/#\/schema\/logo\/image\/\",\"url\":\"https:\/\/alicia.cat\/wp-content\/uploads\/2023\/02\/logo_alicia.svg\",\"contentUrl\":\"https:\/\/alicia.cat\/wp-content\/uploads\/2023\/02\/logo_alicia.svg\",\"width\":240,\"height\":50,\"caption\":\"Fundaci\u00f3 Al\u00edcia\"},\"image\":{\"@id\":\"https:\/\/alicia.cat\/en\/#\/schema\/logo\/image\/\"},\"sameAs\":[\"https:\/\/www.facebook.com\/FUNDACIOALICIA\",\"https:\/\/x.com\/FundacioAlicia\",\"https:\/\/www.instagram.com\/fundacioalicia\/\",\"https:\/\/www.linkedin.com\/company\/fundacionalicia\/\",\"https:\/\/www.youtube.com\/FundacioAlicia\"]}]}<\/script>\n<!-- \/ Yoast SEO plugin. -->","yoast_head_json":{"title":"COLLECTION 'IT'S TIME TO\u2026\" - Fundaci\u00f3 Al\u00edcia","robots":{"index":"index","follow":"follow","max-snippet":"max-snippet:-1","max-image-preview":"max-image-preview:large","max-video-preview":"max-video-preview:-1"},"canonical":"https:\/\/alicia.cat\/en\/alicia-publicacions\/coleccio-es-temps-de\/","og_locale":"en_US","og_type":"article","og_title":"COLLECTION 'IT'S TIME TO\u2026\" - Fundaci\u00f3 Al\u00edcia","og_description":"A collection of monographs with information and resources in the form of interactive infographics and videos about different fruits and vegetables from Catalonia territory to promote knowledge and seasonal consumption, carried out on the occasion of the International Year of Fruits and Vegetables (2021), commissioned by the Generalitat of Catalunya that has promoted different actions [&hellip;]","og_url":"https:\/\/alicia.cat\/en\/alicia-publicacions\/coleccio-es-temps-de\/","og_site_name":"Fundaci\u00f3 Al\u00edcia","article_publisher":"https:\/\/www.facebook.com\/FUNDACIOALICIA","article_modified_time":"2024-03-22T09:25:37+00:00","og_image":[{"width":800,"height":423,"url":"https:\/\/alicia.cat\/wp-content\/uploads\/2023\/04\/ESTEMPS.jpeg","type":"image\/jpeg"}],"twitter_card":"summary_large_image","twitter_site":"@FundacioAlicia","twitter_misc":{"Est. reading time":"1 minute"},"schema":{"@context":"https:\/\/schema.org","@graph":[{"@type":"WebPage","@id":"https:\/\/alicia.cat\/en\/alicia-publicacions\/coleccio-es-temps-de\/","url":"https:\/\/alicia.cat\/en\/alicia-publicacions\/coleccio-es-temps-de\/","name":"COLLECTION 'IT'S TIME TO\u2026\" - Fundaci\u00f3 Al\u00edcia","isPartOf":{"@id":"https:\/\/alicia.cat\/en\/#website"},"primaryImageOfPage":{"@id":"https:\/\/alicia.cat\/en\/alicia-publicacions\/coleccio-es-temps-de\/#primaryimage"},"image":{"@id":"https:\/\/alicia.cat\/en\/alicia-publicacions\/coleccio-es-temps-de\/#primaryimage"},"thumbnailUrl":"https:\/\/alicia.cat\/wp-content\/uploads\/2023\/04\/ESTEMPS.jpeg","datePublished":"2022-02-18T14:36:00+00:00","dateModified":"2024-03-22T09:25:37+00:00","breadcrumb":{"@id":"https:\/\/alicia.cat\/en\/alicia-publicacions\/coleccio-es-temps-de\/#breadcrumb"},"inLanguage":"en-US","potentialAction":[{"@type":"ReadAction","target":["https:\/\/alicia.cat\/en\/alicia-publicacions\/coleccio-es-temps-de\/"]}]},{"@type":"ImageObject","inLanguage":"en-US","@id":"https:\/\/alicia.cat\/en\/alicia-publicacions\/coleccio-es-temps-de\/#primaryimage","url":"https:\/\/alicia.cat\/wp-content\/uploads\/2023\/04\/ESTEMPS.jpeg","contentUrl":"https:\/\/alicia.cat\/wp-content\/uploads\/2023\/04\/ESTEMPS.jpeg","width":800,"height":423},{"@type":"BreadcrumbList","@id":"https:\/\/alicia.cat\/en\/alicia-publicacions\/coleccio-es-temps-de\/#breadcrumb","itemListElement":[{"@type":"ListItem","position":1,"name":"Inici","item":"https:\/\/alicia.cat\/en\/"},{"@type":"ListItem","position":2,"name":"Publicacions","item":"https:\/\/alicia.cat\/en\/alicia-publicacions\/"},{"@type":"ListItem","position":3,"name":"COLLECTION &#8216;IT&#8217;S TIME TO\u2026&#8221;"}]},{"@type":"WebSite","@id":"https:\/\/alicia.cat\/en\/#website","url":"https:\/\/alicia.cat\/en\/","name":"Fundaci\u00f3 Al\u00edcia","description":"","publisher":{"@id":"https:\/\/alicia.cat\/en\/#organization"},"potentialAction":[{"@type":"SearchAction","target":{"@type":"EntryPoint","urlTemplate":"https:\/\/alicia.cat\/en\/?s={search_term_string}"},"query-input":{"@type":"PropertyValueSpecification","valueRequired":true,"valueName":"search_term_string"}}],"inLanguage":"en-US"},{"@type":"Organization","@id":"https:\/\/alicia.cat\/en\/#organization","name":"Fundaci\u00f3 Al\u00edcia","alternateName":"Al\u00edcia","url":"https:\/\/alicia.cat\/en\/","logo":{"@type":"ImageObject","inLanguage":"en-US","@id":"https:\/\/alicia.cat\/en\/#\/schema\/logo\/image\/","url":"https:\/\/alicia.cat\/wp-content\/uploads\/2023\/02\/logo_alicia.svg","contentUrl":"https:\/\/alicia.cat\/wp-content\/uploads\/2023\/02\/logo_alicia.svg","width":240,"height":50,"caption":"Fundaci\u00f3 Al\u00edcia"},"image":{"@id":"https:\/\/alicia.cat\/en\/#\/schema\/logo\/image\/"},"sameAs":["https:\/\/www.facebook.com\/FUNDACIOALICIA","https:\/\/x.com\/FundacioAlicia","https:\/\/www.instagram.com\/fundacioalicia\/","https:\/\/www.linkedin.com\/company\/fundacionalicia\/","https:\/\/www.youtube.com\/FundacioAlicia"]}]}},"_links":{"self":[{"href":"https:\/\/alicia.cat\/en\/wp-json\/wp\/v2\/publicacions\/1564","targetHints":{"allow":["GET"]}}],"collection":[{"href":"https:\/\/alicia.cat\/en\/wp-json\/wp\/v2\/publicacions"}],"about":[{"href":"https:\/\/alicia.cat\/en\/wp-json\/wp\/v2\/types\/publicacions"}],"wp:featuredmedia":[{"embeddable":true,"href":"https:\/\/alicia.cat\/en\/wp-json\/wp\/v2\/media\/1562"}],"wp:attachment":[{"href":"https:\/\/alicia.cat\/en\/wp-json\/wp\/v2\/media?parent=1564"}],"wp:term":[{"taxonomy":"categories_de_publicacions","embeddable":true,"href":"https:\/\/alicia.cat\/en\/wp-json\/wp\/v2\/categories_de_publicacions?post=1564"},{"taxonomy":"etiquetes_de_publicacions","embeddable":true,"href":"https:\/\/alicia.cat\/en\/wp-json\/wp\/v2\/etiquetes_de_publicacions?post=1564"}],"curies":[{"name":"wp","href":"https:\/\/api.w.org\/{rel}","templated":true}]}}

<!-- This site is optimized with the Yoast SEO plugin v26.9 - https://yoast.com/product/yoast-seo-wordpress/ -->
<title>COLLECTION &#039;IT&#039;S TIME TO…&quot; - Fundació Alícia</title>
<meta name="robots" content="index, follow, max-snippet:-1, max-image-preview:large, max-video-preview:-1" />
<link rel="canonical" href="https://alicia.cat/en/alicia-publicacions/coleccio-es-temps-de/" />
<meta property="og:locale" content="en_US" />
<meta property="og:type" content="article" />
<meta property="og:title" content="COLLECTION &#039;IT&#039;S TIME TO…&quot; - Fundació Alícia" />
<meta property="og:description" content="A collection of monographs with information and resources in the form of interactive infographics and videos about different fruits and vegetables from Catalonia territory to promote knowledge and seasonal consumption, carried out on the occasion of the International Year of Fruits and Vegetables (2021), commissioned by the Generalitat of Catalunya that has promoted different actions [&hellip;]" />
<meta property="og:url" content="https://alicia.cat/en/alicia-publicacions/coleccio-es-temps-de/" />
<meta property="og:site_name" content="Fundació Alícia" />
<meta property="article:publisher" content="https://www.facebook.com/FUNDACIOALICIA" />
<meta property="article:modified_time" content="2024-03-22T09:25:37+00:00" />
<meta property="og:image" content="https://alicia.cat/wp-content/uploads/2023/04/ESTEMPS.jpeg" />
	<meta property="og:image:width" content="800" />
	<meta property="og:image:height" content="423" />
	<meta property="og:image:type" content="image/jpeg" />
<meta name="twitter:card" content="summary_large_image" />
<meta name="twitter:site" content="@FundacioAlicia" />
<meta name="twitter:label1" content="Est. reading time" />
	<meta name="twitter:data1" content="1 minute" />
<script type="application/ld+json" class="yoast-schema-graph">{"@context":"https://schema.org","@graph":[{"@type":"WebPage","@id":"https://alicia.cat/en/alicia-publicacions/coleccio-es-temps-de/","url":"https://alicia.cat/en/alicia-publicacions/coleccio-es-temps-de/","name":"COLLECTION 'IT'S TIME TO…\" - Fundació Alícia","isPartOf":{"@id":"https://alicia.cat/en/#website"},"primaryImageOfPage":{"@id":"https://alicia.cat/en/alicia-publicacions/coleccio-es-temps-de/#primaryimage"},"image":{"@id":"https://alicia.cat/en/alicia-publicacions/coleccio-es-temps-de/#primaryimage"},"thumbnailUrl":"https://alicia.cat/wp-content/uploads/2023/04/ESTEMPS.jpeg","datePublished":"2022-02-18T14:36:00+00:00","dateModified":"2024-03-22T09:25:37+00:00","breadcrumb":{"@id":"https://alicia.cat/en/alicia-publicacions/coleccio-es-temps-de/#breadcrumb"},"inLanguage":"en-US","potentialAction":[{"@type":"ReadAction","target":["https://alicia.cat/en/alicia-publicacions/coleccio-es-temps-de/"]}]},{"@type":"ImageObject","inLanguage":"en-US","@id":"https://alicia.cat/en/alicia-publicacions/coleccio-es-temps-de/#primaryimage","url":"https://alicia.cat/wp-content/uploads/2023/04/ESTEMPS.jpeg","contentUrl":"https://alicia.cat/wp-content/uploads/2023/04/ESTEMPS.jpeg","width":800,"height":423},{"@type":"BreadcrumbList","@id":"https://alicia.cat/en/alicia-publicacions/coleccio-es-temps-de/#breadcrumb","itemListElement":[{"@type":"ListItem","position":1,"name":"Inici","item":"https://alicia.cat/en/"},{"@type":"ListItem","position":2,"name":"Publicacions","item":"https://alicia.cat/en/alicia-publicacions/"},{"@type":"ListItem","position":3,"name":"COLLECTION &#8216;IT&#8217;S TIME TO…&#8221;"}]},{"@type":"WebSite","@id":"https://alicia.cat/en/#website","url":"https://alicia.cat/en/","name":"Fundació Alícia","description":"","publisher":{"@id":"https://alicia.cat/en/#organization"},"potentialAction":[{"@type":"SearchAction","target":{"@type":"EntryPoint","urlTemplate":"https://alicia.cat/en/?s={search_term_string}"},"query-input":{"@type":"PropertyValueSpecification","valueRequired":true,"valueName":"search_term_string"}}],"inLanguage":"en-US"},{"@type":"Organization","@id":"https://alicia.cat/en/#organization","name":"Fundació Alícia","alternateName":"Alícia","url":"https://alicia.cat/en/","logo":{"@type":"ImageObject","inLanguage":"en-US","@id":"https://alicia.cat/en/#/schema/logo/image/","url":"https://alicia.cat/wp-content/uploads/2023/02/logo_alicia.svg","contentUrl":"https://alicia.cat/wp-content/uploads/2023/02/logo_alicia.svg","width":240,"height":50,"caption":"Fundació Alícia"},"image":{"@id":"https://alicia.cat/en/#/schema/logo/image/"},"sameAs":["https://www.facebook.com/FUNDACIOALICIA","https://x.com/FundacioAlicia","https://www.instagram.com/fundacioalicia/","https://www.linkedin.com/company/fundacionalicia/","https://www.youtube.com/FundacioAlicia"]}]}</script>
<!-- / Yoast SEO plugin. -->

COLLECTION 'IT'S TIME TO…" - Fundació Alícia

Fundació Alícia

Alícia
