{"id":4228,"date":"2023-10-20T09:58:04","date_gmt":"2023-10-20T07:58:04","guid":{"rendered":"https:\/\/alicia.cat\/alicia-publicacions\/plats-catalans-cada-dia\/"},"modified":"2023-10-20T10:06:37","modified_gmt":"2023-10-20T08:06:37","slug":"plats-catalans-cada-dia","status":"publish","type":"publicacions","link":"https:\/\/alicia.cat\/es\/alicia-publicacions\/plats-catalans-cada-dia\/","title":{"rendered":"Platos catalanes cada d\u00eda"},"content":{"rendered":"\n<p>El proyecto <em>Platos Catalanes Cada D\u00eda<\/em>, del Departamento de Acci\u00f3n Clim\u00e1tica, Alimentaci\u00f3n y Agenda Rural de la Generalitat de Catalunya, tiene por objetivo fomentar el consumo de la gastronom\u00eda catalana, en el d\u00eda a d\u00eda.<\/p>\n\n\n\n<p>Desde Al\u00edcia hemos colaborado para identificar, revisar y actualizar la cocina catalana, detectando sus puntos fuertes, para ponerla al alcance de la ciudadan\u00eda en formato de un pr\u00e1ctico men\u00fa. Cuenta con m\u00e1s de 100 recetas revisadas y adaptadas para poder ser consumidas cada d\u00eda de manera equilibrada, con la confianza de comer calidad, gastronom\u00eda, tradici\u00f3n, proximidad y mucha salud. Los platos catalanes forman parte de la dieta mediterr\u00e1nea, una de las m\u00e1s saludable y equilibradas del mundo. Os invitamos a disfrutarla cada d\u00eda.<\/p>\n\n\n\n<p><\/p>\n","protected":false},"featured_media":4226,"template":"","categories_de_publicacions":[278],"etiquetes_de_publicacions":[801,419,678],"class_list":["post-4228","publicacions","type-publicacions","status-publish","has-post-thumbnail","hentry","categories_de_publicacions-patrimonio-alimentario","etiquetes_de_publicacions-cuina-catalana-es","etiquetes_de_publicacions-dieta-mediterrania-es","etiquetes_de_publicacions-recetas"],"yoast_head":"<!-- This site is optimized with the Yoast SEO plugin v26.9 - https:\/\/yoast.com\/product\/yoast-seo-wordpress\/ -->\n<title>Platos catalanes cada d\u00eda - Fundaci\u00f3 Al\u00edcia<\/title>\n<meta name=\"robots\" content=\"index, follow, max-snippet:-1, max-image-preview:large, max-video-preview:-1\" \/>\n<link rel=\"canonical\" href=\"https:\/\/alicia.cat\/es\/alicia-publicacions\/plats-catalans-cada-dia\/\" \/>\n<meta property=\"og:locale\" content=\"es_ES\" \/>\n<meta property=\"og:type\" content=\"article\" \/>\n<meta property=\"og:title\" content=\"Platos catalanes cada d\u00eda - Fundaci\u00f3 Al\u00edcia\" \/>\n<meta property=\"og:description\" content=\"El proyecto Platos Catalanes Cada D\u00eda, del Departamento de Acci\u00f3n Clim\u00e1tica, Alimentaci\u00f3n y Agenda Rural de la Generalitat de Catalunya, tiene por objetivo fomentar el consumo de la gastronom\u00eda catalana, en el d\u00eda a d\u00eda. Desde Al\u00edcia hemos colaborado para identificar, revisar y actualizar la cocina catalana, detectando sus puntos fuertes, para ponerla al alcance [&hellip;]\" \/>\n<meta property=\"og:url\" content=\"https:\/\/alicia.cat\/es\/alicia-publicacions\/plats-catalans-cada-dia\/\" \/>\n<meta property=\"og:site_name\" content=\"Fundaci\u00f3 Al\u00edcia\" \/>\n<meta property=\"article:publisher\" content=\"https:\/\/www.facebook.com\/FUNDACIOALICIA\" \/>\n<meta property=\"article:modified_time\" content=\"2023-10-20T08:06:37+00:00\" \/>\n<meta property=\"og:image\" content=\"https:\/\/alicia.cat\/wp-content\/uploads\/2023\/10\/platscatalans.png\" \/>\n\t<meta property=\"og:image:width\" content=\"419\" \/>\n\t<meta property=\"og:image:height\" content=\"409\" \/>\n\t<meta property=\"og:image:type\" content=\"image\/png\" \/>\n<meta name=\"twitter:card\" content=\"summary_large_image\" \/>\n<meta name=\"twitter:site\" content=\"@FundacioAlicia\" \/>\n<meta name=\"twitter:label1\" content=\"Tiempo de lectura\" \/>\n\t<meta name=\"twitter:data1\" content=\"1 minuto\" \/>\n<script type=\"application\/ld+json\" class=\"yoast-schema-graph\">{\"@context\":\"https:\/\/schema.org\",\"@graph\":[{\"@type\":\"WebPage\",\"@id\":\"https:\/\/alicia.cat\/es\/alicia-publicacions\/plats-catalans-cada-dia\/\",\"url\":\"https:\/\/alicia.cat\/es\/alicia-publicacions\/plats-catalans-cada-dia\/\",\"name\":\"Platos catalanes cada d\u00eda - Fundaci\u00f3 Al\u00edcia\",\"isPartOf\":{\"@id\":\"https:\/\/alicia.cat\/es\/#website\"},\"primaryImageOfPage\":{\"@id\":\"https:\/\/alicia.cat\/es\/alicia-publicacions\/plats-catalans-cada-dia\/#primaryimage\"},\"image\":{\"@id\":\"https:\/\/alicia.cat\/es\/alicia-publicacions\/plats-catalans-cada-dia\/#primaryimage\"},\"thumbnailUrl\":\"https:\/\/alicia.cat\/wp-content\/uploads\/2023\/10\/platscatalans.png\",\"datePublished\":\"2023-10-20T07:58:04+00:00\",\"dateModified\":\"2023-10-20T08:06:37+00:00\",\"breadcrumb\":{\"@id\":\"https:\/\/alicia.cat\/es\/alicia-publicacions\/plats-catalans-cada-dia\/#breadcrumb\"},\"inLanguage\":\"es\",\"potentialAction\":[{\"@type\":\"ReadAction\",\"target\":[\"https:\/\/alicia.cat\/es\/alicia-publicacions\/plats-catalans-cada-dia\/\"]}]},{\"@type\":\"ImageObject\",\"inLanguage\":\"es\",\"@id\":\"https:\/\/alicia.cat\/es\/alicia-publicacions\/plats-catalans-cada-dia\/#primaryimage\",\"url\":\"https:\/\/alicia.cat\/wp-content\/uploads\/2023\/10\/platscatalans.png\",\"contentUrl\":\"https:\/\/alicia.cat\/wp-content\/uploads\/2023\/10\/platscatalans.png\",\"width\":419,\"height\":409,\"caption\":\"Plats catalans cada dia\"},{\"@type\":\"BreadcrumbList\",\"@id\":\"https:\/\/alicia.cat\/es\/alicia-publicacions\/plats-catalans-cada-dia\/#breadcrumb\",\"itemListElement\":[{\"@type\":\"ListItem\",\"position\":1,\"name\":\"Inici\",\"item\":\"https:\/\/alicia.cat\/es\/\"},{\"@type\":\"ListItem\",\"position\":2,\"name\":\"Publicacions\",\"item\":\"https:\/\/alicia.cat\/es\/alicia-publicacions\/\"},{\"@type\":\"ListItem\",\"position\":3,\"name\":\"Platos catalanes cada d\u00eda\"}]},{\"@type\":\"WebSite\",\"@id\":\"https:\/\/alicia.cat\/es\/#website\",\"url\":\"https:\/\/alicia.cat\/es\/\",\"name\":\"Fundaci\u00f3 Al\u00edcia\",\"description\":\"\",\"publisher\":{\"@id\":\"https:\/\/alicia.cat\/es\/#organization\"},\"potentialAction\":[{\"@type\":\"SearchAction\",\"target\":{\"@type\":\"EntryPoint\",\"urlTemplate\":\"https:\/\/alicia.cat\/es\/?s={search_term_string}\"},\"query-input\":{\"@type\":\"PropertyValueSpecification\",\"valueRequired\":true,\"valueName\":\"search_term_string\"}}],\"inLanguage\":\"es\"},{\"@type\":\"Organization\",\"@id\":\"https:\/\/alicia.cat\/es\/#organization\",\"name\":\"Fundaci\u00f3 Al\u00edcia\",\"alternateName\":\"Al\u00edcia\",\"url\":\"https:\/\/alicia.cat\/es\/\",\"logo\":{\"@type\":\"ImageObject\",\"inLanguage\":\"es\",\"@id\":\"https:\/\/alicia.cat\/es\/#\/schema\/logo\/image\/\",\"url\":\"https:\/\/alicia.cat\/wp-content\/uploads\/2023\/02\/logo_alicia.svg\",\"contentUrl\":\"https:\/\/alicia.cat\/wp-content\/uploads\/2023\/02\/logo_alicia.svg\",\"width\":240,\"height\":50,\"caption\":\"Fundaci\u00f3 Al\u00edcia\"},\"image\":{\"@id\":\"https:\/\/alicia.cat\/es\/#\/schema\/logo\/image\/\"},\"sameAs\":[\"https:\/\/www.facebook.com\/FUNDACIOALICIA\",\"https:\/\/x.com\/FundacioAlicia\",\"https:\/\/www.instagram.com\/fundacioalicia\/\",\"https:\/\/www.linkedin.com\/company\/fundacionalicia\/\",\"https:\/\/www.youtube.com\/FundacioAlicia\"]}]}<\/script>\n<!-- \/ Yoast SEO plugin. -->","yoast_head_json":{"title":"Platos catalanes cada d\u00eda - Fundaci\u00f3 Al\u00edcia","robots":{"index":"index","follow":"follow","max-snippet":"max-snippet:-1","max-image-preview":"max-image-preview:large","max-video-preview":"max-video-preview:-1"},"canonical":"https:\/\/alicia.cat\/es\/alicia-publicacions\/plats-catalans-cada-dia\/","og_locale":"es_ES","og_type":"article","og_title":"Platos catalanes cada d\u00eda - Fundaci\u00f3 Al\u00edcia","og_description":"El proyecto Platos Catalanes Cada D\u00eda, del Departamento de Acci\u00f3n Clim\u00e1tica, Alimentaci\u00f3n y Agenda Rural de la Generalitat de Catalunya, tiene por objetivo fomentar el consumo de la gastronom\u00eda catalana, en el d\u00eda a d\u00eda. Desde Al\u00edcia hemos colaborado para identificar, revisar y actualizar la cocina catalana, detectando sus puntos fuertes, para ponerla al alcance [&hellip;]","og_url":"https:\/\/alicia.cat\/es\/alicia-publicacions\/plats-catalans-cada-dia\/","og_site_name":"Fundaci\u00f3 Al\u00edcia","article_publisher":"https:\/\/www.facebook.com\/FUNDACIOALICIA","article_modified_time":"2023-10-20T08:06:37+00:00","og_image":[{"width":419,"height":409,"url":"https:\/\/alicia.cat\/wp-content\/uploads\/2023\/10\/platscatalans.png","type":"image\/png"}],"twitter_card":"summary_large_image","twitter_site":"@FundacioAlicia","twitter_misc":{"Tiempo de lectura":"1 minuto"},"schema":{"@context":"https:\/\/schema.org","@graph":[{"@type":"WebPage","@id":"https:\/\/alicia.cat\/es\/alicia-publicacions\/plats-catalans-cada-dia\/","url":"https:\/\/alicia.cat\/es\/alicia-publicacions\/plats-catalans-cada-dia\/","name":"Platos catalanes cada d\u00eda - Fundaci\u00f3 Al\u00edcia","isPartOf":{"@id":"https:\/\/alicia.cat\/es\/#website"},"primaryImageOfPage":{"@id":"https:\/\/alicia.cat\/es\/alicia-publicacions\/plats-catalans-cada-dia\/#primaryimage"},"image":{"@id":"https:\/\/alicia.cat\/es\/alicia-publicacions\/plats-catalans-cada-dia\/#primaryimage"},"thumbnailUrl":"https:\/\/alicia.cat\/wp-content\/uploads\/2023\/10\/platscatalans.png","datePublished":"2023-10-20T07:58:04+00:00","dateModified":"2023-10-20T08:06:37+00:00","breadcrumb":{"@id":"https:\/\/alicia.cat\/es\/alicia-publicacions\/plats-catalans-cada-dia\/#breadcrumb"},"inLanguage":"es","potentialAction":[{"@type":"ReadAction","target":["https:\/\/alicia.cat\/es\/alicia-publicacions\/plats-catalans-cada-dia\/"]}]},{"@type":"ImageObject","inLanguage":"es","@id":"https:\/\/alicia.cat\/es\/alicia-publicacions\/plats-catalans-cada-dia\/#primaryimage","url":"https:\/\/alicia.cat\/wp-content\/uploads\/2023\/10\/platscatalans.png","contentUrl":"https:\/\/alicia.cat\/wp-content\/uploads\/2023\/10\/platscatalans.png","width":419,"height":409,"caption":"Plats catalans cada dia"},{"@type":"BreadcrumbList","@id":"https:\/\/alicia.cat\/es\/alicia-publicacions\/plats-catalans-cada-dia\/#breadcrumb","itemListElement":[{"@type":"ListItem","position":1,"name":"Inici","item":"https:\/\/alicia.cat\/es\/"},{"@type":"ListItem","position":2,"name":"Publicacions","item":"https:\/\/alicia.cat\/es\/alicia-publicacions\/"},{"@type":"ListItem","position":3,"name":"Platos catalanes cada d\u00eda"}]},{"@type":"WebSite","@id":"https:\/\/alicia.cat\/es\/#website","url":"https:\/\/alicia.cat\/es\/","name":"Fundaci\u00f3 Al\u00edcia","description":"","publisher":{"@id":"https:\/\/alicia.cat\/es\/#organization"},"potentialAction":[{"@type":"SearchAction","target":{"@type":"EntryPoint","urlTemplate":"https:\/\/alicia.cat\/es\/?s={search_term_string}"},"query-input":{"@type":"PropertyValueSpecification","valueRequired":true,"valueName":"search_term_string"}}],"inLanguage":"es"},{"@type":"Organization","@id":"https:\/\/alicia.cat\/es\/#organization","name":"Fundaci\u00f3 Al\u00edcia","alternateName":"Al\u00edcia","url":"https:\/\/alicia.cat\/es\/","logo":{"@type":"ImageObject","inLanguage":"es","@id":"https:\/\/alicia.cat\/es\/#\/schema\/logo\/image\/","url":"https:\/\/alicia.cat\/wp-content\/uploads\/2023\/02\/logo_alicia.svg","contentUrl":"https:\/\/alicia.cat\/wp-content\/uploads\/2023\/02\/logo_alicia.svg","width":240,"height":50,"caption":"Fundaci\u00f3 Al\u00edcia"},"image":{"@id":"https:\/\/alicia.cat\/es\/#\/schema\/logo\/image\/"},"sameAs":["https:\/\/www.facebook.com\/FUNDACIOALICIA","https:\/\/x.com\/FundacioAlicia","https:\/\/www.instagram.com\/fundacioalicia\/","https:\/\/www.linkedin.com\/company\/fundacionalicia\/","https:\/\/www.youtube.com\/FundacioAlicia"]}]}},"_links":{"self":[{"href":"https:\/\/alicia.cat\/es\/wp-json\/wp\/v2\/publicacions\/4228","targetHints":{"allow":["GET"]}}],"collection":[{"href":"https:\/\/alicia.cat\/es\/wp-json\/wp\/v2\/publicacions"}],"about":[{"href":"https:\/\/alicia.cat\/es\/wp-json\/wp\/v2\/types\/publicacions"}],"wp:featuredmedia":[{"embeddable":true,"href":"https:\/\/alicia.cat\/es\/wp-json\/wp\/v2\/media\/4226"}],"wp:attachment":[{"href":"https:\/\/alicia.cat\/es\/wp-json\/wp\/v2\/media?parent=4228"}],"wp:term":[{"taxonomy":"categories_de_publicacions","embeddable":true,"href":"https:\/\/alicia.cat\/es\/wp-json\/wp\/v2\/categories_de_publicacions?post=4228"},{"taxonomy":"etiquetes_de_publicacions","embeddable":true,"href":"https:\/\/alicia.cat\/es\/wp-json\/wp\/v2\/etiquetes_de_publicacions?post=4228"}],"curies":[{"name":"wp","href":"https:\/\/api.w.org\/{rel}","templated":true}]}}

Platos catalanes cada día

<p>El proyecto <em>Platos Catalanes Cada Día</em>, del Departamento de Acción Climática, Alimentación y Agenda Rural de la Generalitat de Catalunya, tiene por objetivo fomentar el consumo de la gastronomía catalana, en el día a día.</p>



<p>Desde Alícia hemos colaborado para identificar, revisar y actualizar la cocina catalana, detectando sus puntos fuertes, para ponerla al alcance de la ciudadanía en formato de un práctico menú. Cuenta con más de 100 recetas revisadas y adaptadas para poder ser consumidas cada día de manera equilibrada, con la confianza de comer calidad, gastronomía, tradición, proximidad y mucha salud. Los platos catalanes forman parte de la dieta mediterránea, una de las más saludable y equilibradas del mundo. Os invitamos a disfrutarla cada día.</p>



<p></p>

<!-- This site is optimized with the Yoast SEO plugin v26.9 - https://yoast.com/product/yoast-seo-wordpress/ -->
<title>Platos catalanes cada día - Fundació Alícia</title>
<meta name="robots" content="index, follow, max-snippet:-1, max-image-preview:large, max-video-preview:-1" />
<link rel="canonical" href="https://alicia.cat/es/alicia-publicacions/plats-catalans-cada-dia/" />
<meta property="og:locale" content="es_ES" />
<meta property="og:type" content="article" />
<meta property="og:title" content="Platos catalanes cada día - Fundació Alícia" />
<meta property="og:description" content="El proyecto Platos Catalanes Cada Día, del Departamento de Acción Climática, Alimentación y Agenda Rural de la Generalitat de Catalunya, tiene por objetivo fomentar el consumo de la gastronomía catalana, en el día a día. Desde Alícia hemos colaborado para identificar, revisar y actualizar la cocina catalana, detectando sus puntos fuertes, para ponerla al alcance [&hellip;]" />
<meta property="og:url" content="https://alicia.cat/es/alicia-publicacions/plats-catalans-cada-dia/" />
<meta property="og:site_name" content="Fundació Alícia" />
<meta property="article:publisher" content="https://www.facebook.com/FUNDACIOALICIA" />
<meta property="article:modified_time" content="2023-10-20T08:06:37+00:00" />
<meta property="og:image" content="https://alicia.cat/wp-content/uploads/2023/10/platscatalans.png" />
	<meta property="og:image:width" content="419" />
	<meta property="og:image:height" content="409" />
	<meta property="og:image:type" content="image/png" />
<meta name="twitter:card" content="summary_large_image" />
<meta name="twitter:site" content="@FundacioAlicia" />
<meta name="twitter:label1" content="Tiempo de lectura" />
	<meta name="twitter:data1" content="1 minuto" />
<script type="application/ld+json" class="yoast-schema-graph">{"@context":"https://schema.org","@graph":[{"@type":"WebPage","@id":"https://alicia.cat/es/alicia-publicacions/plats-catalans-cada-dia/","url":"https://alicia.cat/es/alicia-publicacions/plats-catalans-cada-dia/","name":"Platos catalanes cada día - Fundació Alícia","isPartOf":{"@id":"https://alicia.cat/es/#website"},"primaryImageOfPage":{"@id":"https://alicia.cat/es/alicia-publicacions/plats-catalans-cada-dia/#primaryimage"},"image":{"@id":"https://alicia.cat/es/alicia-publicacions/plats-catalans-cada-dia/#primaryimage"},"thumbnailUrl":"https://alicia.cat/wp-content/uploads/2023/10/platscatalans.png","datePublished":"2023-10-20T07:58:04+00:00","dateModified":"2023-10-20T08:06:37+00:00","breadcrumb":{"@id":"https://alicia.cat/es/alicia-publicacions/plats-catalans-cada-dia/#breadcrumb"},"inLanguage":"es","potentialAction":[{"@type":"ReadAction","target":["https://alicia.cat/es/alicia-publicacions/plats-catalans-cada-dia/"]}]},{"@type":"ImageObject","inLanguage":"es","@id":"https://alicia.cat/es/alicia-publicacions/plats-catalans-cada-dia/#primaryimage","url":"https://alicia.cat/wp-content/uploads/2023/10/platscatalans.png","contentUrl":"https://alicia.cat/wp-content/uploads/2023/10/platscatalans.png","width":419,"height":409,"caption":"Plats catalans cada dia"},{"@type":"BreadcrumbList","@id":"https://alicia.cat/es/alicia-publicacions/plats-catalans-cada-dia/#breadcrumb","itemListElement":[{"@type":"ListItem","position":1,"name":"Inici","item":"https://alicia.cat/es/"},{"@type":"ListItem","position":2,"name":"Publicacions","item":"https://alicia.cat/es/alicia-publicacions/"},{"@type":"ListItem","position":3,"name":"Platos catalanes cada día"}]},{"@type":"WebSite","@id":"https://alicia.cat/es/#website","url":"https://alicia.cat/es/","name":"Fundació Alícia","description":"","publisher":{"@id":"https://alicia.cat/es/#organization"},"potentialAction":[{"@type":"SearchAction","target":{"@type":"EntryPoint","urlTemplate":"https://alicia.cat/es/?s={search_term_string}"},"query-input":{"@type":"PropertyValueSpecification","valueRequired":true,"valueName":"search_term_string"}}],"inLanguage":"es"},{"@type":"Organization","@id":"https://alicia.cat/es/#organization","name":"Fundació Alícia","alternateName":"Alícia","url":"https://alicia.cat/es/","logo":{"@type":"ImageObject","inLanguage":"es","@id":"https://alicia.cat/es/#/schema/logo/image/","url":"https://alicia.cat/wp-content/uploads/2023/02/logo_alicia.svg","contentUrl":"https://alicia.cat/wp-content/uploads/2023/02/logo_alicia.svg","width":240,"height":50,"caption":"Fundació Alícia"},"image":{"@id":"https://alicia.cat/es/#/schema/logo/image/"},"sameAs":["https://www.facebook.com/FUNDACIOALICIA","https://x.com/FundacioAlicia","https://www.instagram.com/fundacioalicia/","https://www.linkedin.com/company/fundacionalicia/","https://www.youtube.com/FundacioAlicia"]}]}</script>
<!-- / Yoast SEO plugin. -->

Platos catalanes cada día - Fundació Alícia

El proyecto Platos Catalanes Cada Día, del Departamento de Acción Climática, Alimentación y Agenda Rural de la Generalitat de Catalunya, tiene por objetivo fomentar el consumo de la gastronomía catalana, en el día a día. Desde Alícia hemos colaborado para identificar, revisar y actualizar la cocina catalana, detectando sus puntos fuertes, para ponerla al alcance [&hellip;]

Fundació Alícia

Alícia
